 + 40. What is the tens digit of w?
3
Let c(k) = 2*k + k - 2*k + 4. What is the units digit of c(-3)?
1
Suppose 3*a + 229 = 5*x, -2*x - 2*a = -4*a - 94. What is the tens digit of x?
4
Let a(w) be the second derivative of -w**5/20 + 7*w**4/12 + 5*w**3/6 + 7*w**2/2 - 5*w. What is the tens digit of a(7)?
4
Suppose 0 = -4*g + 5*g - 25. Suppose 0 = 3*z - 4*b + g, 4 + 4 = -4*z - b. What is the units digit of 50/3 - z/9?
7
Let f(q) be the third derivative of q**4/12 + q**3/2 - 2*q**2. Let x(z) = z + 1. Let s(n) = f(n) - 3*x(n). What is the units digit of s(-3)?
3
Let c = -8 + 12. Let o be 0*((-1)/2 - -1). Suppose o = p + p - c*j + 16, 2*j - 14 = -2*p. What is the units digit of p?
2
Let t = -2 + 6. Let n be (6/(-8))/((-13)/(208/6)). Suppose 5*w + 6 - 111 = 2*k, -n*w = -t*k - 58. What is the units digit of w?
9
Let t(n) = -3*n + 1. Let w be t(1). Let o = 0 - w. What is the units digit of o/12 - (-130)/12?
1
Let n(a) = -a**3 - 7*a**2 - 5*a - 3. Let d be n(-6). Let r(g) = -g**2 - 12*g - 6. What is the units digit of r(d)?
1
Let k(t) = -8*t - 2. Let m be k(-2). Suppose -2*u - 4*x + 22 = 0, 5*u - m = 4*x - 1. Suppose 3*l - u = 10. What is the units digit of l?
5
Suppose -2*i + 173 = -z, 5*i - 4*z - 395 = -9*z. What is the units digit of i?
4
Suppose -97 + 33 = -4*c. What is the units digit of c?
6
Suppose 0*w + 5*w = 160. Suppose -2*k - w = -4*k. What is the tens digit of k?
1
Suppose -15 = 3*p, h - 5*h - 3*p + 5 = 0. Suppose 0 = 5*x + 4*d - 48, h*x + 5*d = x + 42. What is the units digit of ((-30)/x)/(9/(-24))?
0
Let q(s) = s**2 - 6. What is the units digit of q(-6)?
0
Let r(l) = l**2 - 7*l + 12. Let i(g) = -g**2 - 13 + 2*g + 5*g + 0*g**2. Let j(y) = -6*i(y) - 7*r(y). What is the units digit of j(5)?
4
Let l be (-8 + 9)/(1/5). Let s be 2 + (33 - 1/(-1)). Suppose -4*o + s = t - l*t, 0 = 5*t + 15. What is the units digit of o?
6
Let l = -14 + 29. What is the units digit of 5/(l/6) - -4?
6
Let i = 9 + -9. Suppose 4*q - 121 + 17 = i. Suppose -c + 4*s = -3*c + q, 0 = -4*c + s + 52. What is the tens digit of c?
1
Let b be (-3)/(6/(-2)) - -3. Suppose 17 = -b*x + 49. What is the units digit of x?
8
Suppose -3*d + 10 = -35. What is the tens digit of d?
1
What is the units digit of (-5)/(-3*4/120)?
0
Let g be 69/9 + (-2)/(-6). Suppose 0 = -a + 4 + g. Suppose 3*f = -f + 3*y + 25, -2*f + 2*y = -a. What is the units digit of f?
7
Suppose -15 - 6 = 3*i. Let c = i - -10. Suppose 4*y + c*w = -y + 41, 3 = -w. What is the tens digit of y?
1
Suppose 0 = 4*t - 0*t - 268. Suppose -4*b = -t + 19. What is the units digit of b?
2
Let f = -66 + 117. What is the tens digit of f?
5
Let n(i) = 2*i**3 + 3*i**2 + i. Let x be n(-2). Let w = x + 18. What is the units digit of w?
2
Suppose 2*f + 616 = 4*t + 6*f, -614 = -4*t - 5*f. What is the hundreds digit of t?
1
Suppose -7*l + 857 + 767 = 0. What is the hundreds digit of l?
2
Suppose m + 1 = 4. Suppose 4*j = m*f + 30, -2*f - 4*j = -0*f + 20. Let a(q) = -q - 7. What is the units digit of a(f)?
3
Let r(y) = y + 13. Let q be r(-9). Suppose c + 21 = l - 2*c, 5*c = -q*l + 16. What is the units digit of l?
9
Let g(s) = -s**3 - 7*s**2 - 3*s + 2. Let h be g(-7). Suppose -h = -4*q + 37. What is the units digit of q?
5
Suppose -b + 51 = -102. What is the tens digit of b?
5
Suppose o + 2 = -1. Let j be -2 - (0/o + -6). Suppose 2*i = -5*k + 10, j*i = 3*i - k + 8. What is the tens digit of i?
1
Let f(a) = 2*a**3 - a**2. Let q be f(-1). Let k(b) = 2*b**2 + 5*b + 3. Let d be k(q). What is the units digit of d/(-21) - (-44)/7?
6
Let i = -22 - -9. Let k = 0 - i. What is the tens digit of k?
1
Let c(z) = -z**2 - 11*z + 18. What is the tens digit of c(-11)?
1
Let u(o) = -o**3 + o**2 + 2*o + 7. What is the tens digit of u(-3)?
3
Let g be 3/2*56/6. Suppose g*n - 13*n = 30. What is the tens digit of n?
3
Suppose 0 = 3*n + 4*d - 35, n = -d + 2*d. Let u be (-4 - 0)*(-9)/18. Suppose n*g = u*q + 26, -4*g + q + 28 = 3*q. What is the units digit of g?
6
Let z = 113 + -53. Suppose 0 = 5*g - 2*g - z. Let f = g + -14. What is the units digit of f?
6
Suppose -m - 4*m = -235. What is the tens digit of m?
4
Suppose -2*n = -0 - 4. What is the units digit of n*-1*(-18)/4?
9
Let k be 231/9 - (-2)/(-3). Let u = 51 - k. What is the tens digit of u?
2
Suppose 1 - 4 = -3*i. What is the units digit of i?
1
Let m(o) = 11*o + 6*o + 0*o**2 - 7*o - 6 - o**2. What is the tens digit of m(7)?
1
Suppose -m = -26 - 18. Suppose 0 = 3*w - 55 - m. What is the units digit of w?
3
Let r = -62 + 32. Let j(a) = -2*a**3 + 5*a**2 + 5*a - 4. Let o be j(4). What is the units digit of (-18)/r + o/(-5)?
7
What is the tens digit of (-1 - -5) + 330 + -5?
2
Suppose -2*x = 152 - 612. What is the hundreds digit of x?
2
Let v(l) = -9*l**3 + l. Suppose -x = -6*x. Suppose x = 7*c - 3*c + 4. What is the units digit of v(c)?
8
Let d(c) = 2*c - 4. Let g be d(4). Suppose 2*w + 8 = g*w. What is the units digit of (w/(-6))/((-4)/6)?
1
Let b(z) = -z + 11. Let g be b(5). Let l = 9 + g. What is the units digit of l?
5
Let j = -3 - -5. Let y be 1/(j/(11 - 1)). Suppose 27 = y*a - 2*a. What is the units digit of a?
9
Let a(r) = r**3 - 6*r**2 + 7*r - 7. Let w be a(5). Suppose w*c - 4*c = -l + 8, 0 = c. What is the units digit of l?
8
Let z = 6 - 4. Suppose 2*b - 8 - z = 0. Suppose 0 = 3*u + 2*u - b. What is the units digit of u?
1
Let v(j) = j**3 + 9*j**2 + 10*j + 5. Let t be v(-8). Let l = 7 + t. Let h(x) = -x + 1. What is the units digit of h(l)?
5
Let f(l) = 12*l + 2. Let w be f(2). Let s = -8 + w. What is the tens digit of s?
1
Let s(o) = 18*o - 5. Let l be s(7). Suppose -12 = 3*t, 3*b = 2*t - 35 + l. What is the tens digit of b?
2
Suppose -5*a - 3*t = -20, 2*a - 8 = -0*t - t. Suppose -5*q = -5*j - 0*j + 30, a*j + q - 39 = 0. What is the units digit of j?
9
Let a = 5 - -3. Suppose 3*g = a*g - 10. Suppose -4*v = -g*v - 44. What is the tens digit of v?
2
Let p(h) = -h**3 + 11*h**2 - 13*h + 15. Let o be p(10). Let y = o + 4. What is the units digit of 2 + y/(-1) - 2?
1
Let w = 11 - 7. Let c(s) = 2*s. What is the units digit of c(w)?
8
Suppose 0 = -y - 3*y + 360. Let d be (y/(-40))/((-2)/24). What is the tens digit of ((-30)/9)/(-5)*d?
1
Suppose 0 = 2*t - 3*r - 10, 4*r - 1 + 7 = -t. Let h(v) = 10*v**2 - 4*v + 4. What is the tens digit of h(t)?
3
Let t = -27 + 38. What is the units digit of t?
1
Let r be (2/(-4)*-62)/1. Suppose -3*w + r + 44 = 0. Suppose -b = -6*b + w. What is the units digit of b?
5
Suppose 6*s - 3*s = 0. Suppose s = -4*m + r + 16, -2*r = 8*m - 3*m - 33. What is the units digit of m?
5
Suppose -3*j + 4*i + 70 = 0, -j - 2*i + 24 = -3*i. What is the units digit of j?
6
Let l(r) = -r**2 + 2*r + 4. Let b be l(3). Suppose 10 = -3*g + 5*i, 5*g = -i + b + 1. Suppose -3*q = -g*q - 9. What is the units digit of q?
3
Suppose 3*l + l = 0. Suppose p - 1 = l, -p + 8 = -4*n + 39. Suppose 0 = 3*b - 2*j - 4, -2*j + 3*j = 3*b - n. What is the units digit of b?
4
Let m be (-6)/(-10) + (-84)/(-35). Let t be 0 - 2*(-1 + 0). Suppose 12 = m*f, -v + t*f = v. What is the units digit of v?
4
Let b(c) = c - 6. Let n be b(4). Let s(m) = -2*m + 2. Let r(f) = f - 1. Let y(t) = 4*r(t) + 3*s(t). What is the units digit of y(n)?
6
Let w = 40 - 22. Let h = w + 16. What is the units digit of h?
4
What is the tens digit of (-1)/3 - ((-592)/12 - -1)?
4
Let m(j) = -j + 6. Let a(r) = 5*r**2. Suppose 3*z = -o + 8 - 3, 4*z + 3*o = 10. Let p be a(z). What is the units digit of m(p)?
1
Let j(g) = g**2 - 7*g + 1. Let u be j(6). Let l(f) = -f**3 - 4*f**2 + 2*f - 3. What is the tens digit of l(u)?
1
Suppose -4*u + l + 61 = -9*u, -4*u - 52 = 4*l. Let d = 7 + u. Let m = d + 18. What is the tens digit of m?
1
Suppose -3*g = -5*g + 8. Suppose -g = -4*a + 32. What is the units digit of a?
9
Let c = -43 + 368. What is the tens digit of c?
2
Let c(v) = v**3 + 8*v**2 - 9*v + 6. Let l(p) = -p**3 - 8*p**2 + 8*p - 7. Let h(t) = 3*c(t) + 2*l(t). What is the tens digit of h(-9)?
2
Suppose 13 = 5*q + 2*o - 5, 3*q = -4*o + 22. Suppose -4*v - 4*n + 44 = 0, -3*v + 2 = -q*n - 6. Suppose 4*u = u + v. What is the units digit of u?
2
Let b be -21*(-2 + 14/3). Let f = b - -94. What is the units digit of f?
8
Let h(g) = -g**3 - 11*g**2 - 15*g - 12. What is the tens digit of h(-10)?
3
Let s be (8/12)/(4/30). Suppose -14 = -m - s. Let d = 13 - m. What is the units